{"id":166,"date":"2022-03-28T16:40:04","date_gmt":"2022-03-28T14:40:04","guid":{"rendered":"http:\/\/nowa.arspolona.com.pl\/?page_id=166"},"modified":"2023-02-04T17:46:35","modified_gmt":"2023-02-04T16:46:35","slug":"ksiazki-polskie","status":"publish","type":"page","link":"https:\/\/arspolona.com.pl\/?page_id=166","title":{"rendered":"Ksi\u0105\u017cki polskie"},"content":{"rendered":"\n<p><\/p>\n\n\n\n<p>Ars Polona S.A&nbsp; jest wiod\u0105cym eksporterem ksi\u0105\u017cek wydanych w Polsce. Od prawie 70 lat dostarczamy dost\u0119pne na krajowym rynku wydawniczym ksi\u0105\u017cki oraz czasopisma naukowe i popularne szerokiej gamie odbiorc\u00f3w zagranicznych.<\/p>\n\n\n\n<p>Nasza oferta obejmuje ksi\u0105\u017cki o r\u00f3\u017cnorodnej tematyce tj. literatura pi\u0119kna polska, historia, politologia, albumy, s\u0142owniki,&nbsp; ksi\u0105\u017cki do nauki j\u0119zyka polskiego, encyklopedie, ksi\u0105\u017cki dla dzieci itp..<\/p>\n\n\n\n<p>Liista publikacji seryjnych zawiera ponad 1000 tytu\u0142\u00f3w wydawnictw naukowych seryjnych publikowanych przez najbardziej licz\u0105ce si\u0119 Instytuty Naukowe i Akademickie, Towarzystwa Naukowe, Instytuty Polskiej Akademii Nauk.<\/p>\n\n\n\n<p>Jeste\u015bmy dystrybutorem takich wydawc\u00f3w jak: <br>Wydawnictwo Uniwersytetu \u015al\u0105skiego, Instytut Sztuki PAN, Instytut Historii Nauki PAN, Instytut Kultur \u015ar\u00f3dziemnomorskich i Orientalnych PAN, Uniwersytet Warszawski i wielu innych wydawnictw.\u00a0 Je\u017celi poszukuj\u0105 Pa\u0144stwo solidnego i do\u015bwiadczonego partnera handlowego zapraszamy do nawi\u0105zania kontaktu np. za pomoc\u0105 poni\u017cszego formularza kontaktowego.<\/p>\n\n\n\n<div class=\"wp-block-buttons is-layout-flex wp-block-buttons-is-layout-flex\">\n<div class=\"wp-block-button has-custom-width wp-block-button__width-25 has-custom-font-size has-small-font-size\"><a class=\"wp-block-button__link has-white-color has-text-color has-background wp-element-button\" href=\"http:\/\/nowa.arspolona.com.pl\/index.php\/formularz-kontaktowy\/\" style=\"background:linear-gradient(135deg,rgb(1,102,62) 0%,rgb(3,183,117) 100%)\">Formularz kontaktowy<\/a><\/div>\n<\/div>\n","protected":false},"excerpt":{"rendered":"<p>Ars Polona S.A&nbsp; jest wiod\u0105cym eksporterem ksi\u0105\u017cek wydanych w Polsce. Od prawie 70 lat dostarczamy dost\u0119pne na krajowym rynku wydawniczym ksi\u0105\u017cki oraz czasopisma naukowe i popularne szerokiej gamie odbiorc\u00f3w zagranicznych. Nasza oferta obejmuje ksi\u0105\u017cki o r\u00f3\u017cnorodnej tematyce tj. literatura pi\u0119kna polska, historia, politologia, albumy, s\u0142owniki,&nbsp; ksi\u0105\u017cki do nauki j\u0119zyka polskiego, encyklopedie, ksi\u0105\u017cki dla dzieci itp.. Liista publikacji seryjnych zawiera ponad 1000 tytu\u0142\u00f3w wydawnictw naukowych seryjnych publikowanych przez najbardziej licz\u0105ce si\u0119 Instytuty Naukowe i Akademickie, Towarzystwa Naukowe, Instytuty Polskiej Akademii Nauk. Jeste\u015bmy dystrybutorem takich wydawc\u00f3w jak: Wydawnictwo Uniwersytetu \u015al\u0105skiego, Instytut Sztuki PAN, Instytut Historii Nauki PAN, Instytut Kultur \u015ar\u00f3dziemnomorskich i Orientalnych PAN, Uniwersytet Warszawski i wielu innych wydawnictw.\u00a0 Je\u017celi poszukuj\u0105 Pa\u0144stwo solidnego i do\u015bwiadczonego partnera handlowego zapraszamy do nawi\u0105zania kontaktu np. za pomoc\u0105 poni\u017cszego formularza kontaktowego.<\/p>\n","protected":false},"author":1,"featured_media":0,"parent":23,"menu_order":0,"comment_status":"closed","ping_status":"closed","template":"","meta":{"footnotes":""},"class_list":["post-166","page","type-page","status-publish","hentry"],"_links":{"self":[{"href":"https:\/\/arspolona.com.pl\/index.php?rest_route=\/wp\/v2\/pages\/166","targetHints":{"allow":["GET"]}}],"collection":[{"href":"https:\/\/arspolona.com.pl\/index.php?rest_route=\/wp\/v2\/pages"}],"about":[{"href":"https:\/\/arspolona.com.pl\/index.php?rest_route=\/wp\/v2\/types\/page"}],"author":[{"embeddable":true,"href":"https:\/\/arspolona.com.pl\/index.php?rest_route=\/wp\/v2\/users\/1"}],"replies":[{"embeddable":true,"href":"https:\/\/arspolona.com.pl\/index.php?rest_route=%2Fwp%2Fv2%2Fcomments&post=166"}],"version-history":[{"count":11,"href":"https:\/\/arspolona.com.pl\/index.php?rest_route=\/wp\/v2\/pages\/166\/revisions"}],"predecessor-version":[{"id":1030,"href":"https:\/\/arspolona.com.pl\/index.php?rest_route=\/wp\/v2\/pages\/166\/revisions\/1030"}],"up":[{"embeddable":true,"href":"https:\/\/arspolona.com.pl\/index.php?rest_route=\/wp\/v2\/pages\/23"}],"wp:attachment":[{"href":"https:\/\/arspolona.com.pl\/index.php?rest_route=%2Fwp%2Fv2%2Fmedia&parent=166"}],"curies":[{"name":"wp","href":"https:\/\/api.w.org\/{rel}","templated":true}]}}