{"id":22,"date":"2022-03-28T12:26:24","date_gmt":"2022-03-28T10:26:24","guid":{"rendered":"http:\/\/nowa.arspolona.com.pl\/?page_id=22"},"modified":"2022-04-08T10:47:42","modified_gmt":"2022-04-08T08:47:42","slug":"o-nas","status":"publish","type":"page","link":"https:\/\/arspolona.com.pl\/?page_id=22","title":{"rendered":"O nas"},"content":{"rendered":"\n<div class=\"wp-block-group\"><div class=\"wp-block-group__inner-container is-layout-flow wp-block-group-is-layout-flow\">\n<div class=\"wp-block-group\"><div class=\"wp-block-group__inner-container is-layout-flow wp-block-group-is-layout-flow\">\n<h2 class=\"has-medium-font-size wp-block-heading\"><strong>Zakres dzia\u0142alno\u015bci<\/strong><\/h2>\n\n\n\n<hr class=\"wp-block-separator has-text-color has-background is-style-wide\" style=\"background-color:#006633;color:#006633\"\/>\n\n\n\n<div style=\"height:20px\" aria-hidden=\"true\" class=\"wp-block-spacer\"><\/div>\n\n\n\n<p><\/p>\n\n\n\n<div class=\"wp-block-group\"><div class=\"wp-block-group__inner-container is-layout-flow wp-block-group-is-layout-flow\">\n<p><strong>ARS POLONA<\/strong> zajmuje si\u0119 eksportem i importem ksi\u0105\u017cek oraz czasopism<\/p>\n\n\n\n<ul class=\"wp-block-list\"><li>Eksport polskich czasopism popularnych i naukowych.<\/li><li>Eksport polskich ksi\u0105\u017cek i wydawnictw seryjnych.<\/li><li>Import czasopism naukowych.<\/li><li>Import \u015bwiatowych wydawnictw ksi\u0105\u017ckowych z r\u00f3\u017cnych dziedzin nauki i \u017cycia.<\/li><\/ul>\n<\/div><\/div>\n\n\n\n<p><strong>ARS POLONA<\/strong> jest r\u00f3wnie\u017c organizatorem stoisk na mi\u0119dzynarodowych targach ksi\u0105\u017cki.<\/p>\n<\/div><\/div>\n<\/div><\/div>\n\n\n\n<div style=\"height:20px\" aria-hidden=\"true\" class=\"wp-block-spacer\"><\/div>\n\n\n\n<div class=\"wp-block-group\"><div class=\"wp-block-group__inner-container is-layout-flow wp-block-group-is-layout-flow\">\n<div class=\"wp-block-group\"><div class=\"wp-block-group__inner-container is-layout-flow wp-block-group-is-layout-flow\">\n<h2 class=\"has-medium-font-size wp-block-heading\"><strong>Historia Ars Polona S.A. &#8211; Ponad 60 lat w Polsce i na rynkach mi\u0119dzynarodowych<\/strong><\/h2>\n\n\n\n<hr class=\"wp-block-separator has-text-color has-background is-style-wide\" style=\"background-color:#006633;color:#006633\"\/>\n\n\n\n<p><br><strong>1953<br><\/strong>1 stycznia \u2013 utworzenie Centrali Handlu Zagranicznego Prasa i Ksi\u0105\u017cka (Zarz\u0105dzenie nr 137 Min. Handlu Zagranicznego z 12 grudnia 1952 roku) \u2013 z pierwsz\u0105 siedzib\u0105 w Warszawie przy ul. Koszykowej 31. Nadz\u00f3r zwierzchni sprawuje Minister Handlu Zagranicznego.<br><br><strong>1956<br><\/strong>CHZ Prasa i Ksi\u0105\u017cka (z siedzib\u0105 przy ul. Foksal 18) organizuje 1. Mi\u0119dzynarodowe Targi Ksi\u0119garskie w ramach XXV Mi\u0119dzynarodowych Targ\u00f3w w Poznaniu (17. 06 &#8211; 1. 07. 1956 roku).<br>1 sierpnia \u2013 zmiana nazwy na CHZ Ars Polona.<br><br><strong>1957<br><\/strong>CHZ Ars Polona organizuje 2. Mi\u0119dzynarodowe Targi Ksi\u0105\u017cki w ramach XXVI Mi\u0119dzynarodowych Targ\u00f3w w Poznaniu (9. 06 &#8211; 23. 06. 1957 roku).<br>Przeniesienie siedziby na Krakowskie Przedmie\u015bcie 7.<br><br><strong>1958<br><\/strong>Przeniesienie Mi\u0119dzynarodowych Targ\u00f3w Ksi\u0105\u017cki z Poznania do Warszawy \u2013 Ars Polona organizuje w dniach 1. 06 \u2013 8. 06. 1958 roku, w Pa\u0142acu Kultury i Nauki, samodzieln\u0105 imprez\u0119 targow\u0105 \u2013 3. Mi\u0119dzynarodowe Targi Ksi\u0105\u017cki (MTK), pierwsze MTK w Warszawie.<br><br><strong>1962<br><\/strong>Ars Polona przyst\u0119puje do UFI (Union des Foires Internationales \u2013 Zwi\u0105zku Targ\u00f3w Mi\u0119dzynarodowych).<br><br><strong>1966<br><\/strong>Zarz\u0105dzenie nr 171 Ministra Kultury i Sztuki z 23 grudnia 1966 roku, wydane w porozumieniu z Ministrem Handlu Zagranicznego \u2013 okre\u015bla cele MTK, powo\u0142uje Komitet Organizacyjny i Sekretariat Targ\u00f3w, zatwierdza regulamin ich pracy oraz ustala zasady finansowania imprezy. Nadz\u00f3r zwierzchni nad Ars Polon\u0105 przejmuje Minister Kultury i Sztuki.<br><br><strong>1970<\/strong><br>Nadz\u00f3r zwierzchni nad Ars Polon\u0105 przejmuje Minister \u0141\u0105czno\u015bci.<br><br><strong>1971<br><\/strong>W\u0142\u0105czenie Ars Polony do PPUPiK \u201eRuch\u201d (Pa\u0144stwowego Przedsi\u0119biorstwa Upowszechniania Prasy i Ksi\u0105\u017cki \u201eRuch\u201d) \u2013 zmiana nazwy na CHZ Ars Polona-Ruch \u2013 rozszerzenie zakresu dzia\u0142ania o import i eksport czasopism po fuzji z Przedsi\u0119biorstwem Importu i Eksportu (PEI) \u201eRuch\u201d.<br><br><strong>1973<br><\/strong>Utworzenie Robotniczej Sp\u00f3\u0142dzielni Wydawniczej \u201ePrasa-Ksi\u0105\u017cka-Ruch\u201d (RSW) \u2013 CHZ Ars Polona-Ruch zostaje w\u0142\u0105czona w struktury RSW, od 1 stycznia nadz\u00f3r zwierzchni sprawuje Zarz\u0105d G\u0142\u00f3wny RSW; nast\u0119puje znaczne ograniczenie autonomii dzia\u0142ania Ars Polona (pozbawienie osobowo\u015bci prawnej), Centrala nie rozlicza si\u0119 z bud\u017cetem pa\u0144stwa lecz z RSW.<br><br><strong>1975<br><\/strong>Powr\u00f3t do nazwy CHZ Ars Polona, z dodatkiem RSW \u201ePrasa-Ksi\u0105\u017cka-Ruch\u201d.<br><br><strong>1979\/80<br><\/strong>Dalsze rozszerzenie asortymentu o instrumenty muzyczne, wsp\u00f3\u0142czesne dzie\u0142a sztuki i rzemios\u0142a artystycznego (w\u0142\u0105czenie BHZ \u201eDESA\u201d do Ars Polona).<br><br><strong>1990<br><\/strong>Na mocy ustawy z 22 grudnia powstaje Komisja Likwidacyjna RSW \u2013 nast\u0119puje prywatyzacja czasopism oraz przekszta\u0142cenie jednostek RSW w samodzielne przedsi\u0119biorstwa pa\u0144stwowe.<br><br><strong>1991<br><\/strong>17 grudnia utworzono Przedsi\u0119biorstwo Pa\u0144stwowe CHZ Ars Polona (podporz\u0105dkowane Ministrowi Kultury i Sztuki), na kt\u00f3rego asortyment sk\u0142ada\u0142y si\u0119 w\u00f3wczas g\u0142\u00f3wnie ksi\u0105\u017cki, prasa oraz us\u0142ugi poligraficzne oraz instrumenty, wydawnictwa i nagrania muzyczne, filatelistyka i numizmatyka, wsp\u00f3\u0142czesne dzie\u0142a sztuki i rzemios\u0142a artystycznego (m.in. srebrna bi\u017cuteria), plakaty oraz (w mniejszym zakresie) artyku\u0142y pi\u015bmienne i biurowe itp.<br><br><strong>1992<\/strong><br>W grudniu nast\u0119puje przekazanie Ars Polonie maj\u0105tku formalnie nale\u017c\u0105cego do RSW, od likwidacji pozycji pa\u0144stwowego monopolisty w imporcie i eksporcie publikacji (1990 roku) o ponad po\u0142ow\u0119 zmala\u0142y obroty Ars Polona (w tym ok. 50% stanowi\u0105 czasopisma, nast\u0119pnie us\u0142ugi poligraficzne, a na trzecim miejscu ksi\u0105\u017cki).<br><br><strong>1994<br><\/strong>Pocz\u0105tek procesu prywatyzacji przedsi\u0119biorstwa.<br><br><strong>1996<br><\/strong>Nadz\u00f3r zwierzchni nad Ars Polon\u0105 przejmuje Minister Skarbu Pa\u0144stwa.<br><br><strong>1997<br><\/strong>Ars Polona wyst\u0119puje z UFI.<br><br><strong>2000<br><\/strong>Zako\u0144czenie procesu prywatyzacji, 1 stycznia powstaje sp\u00f3\u0142ka akcyjna CHZ Ars Polona S.A.<br><br><strong>2002<br><\/strong>CHZ Ars Polona S.A. uzyskuje certyfikat jako\u015bci zgodny z norm\u0105 ISO 9001:2000<br><br><strong>2004<br><\/strong>W pa\u017adzierniku Ars Polona zmienia siedzib\u0119 \u2013 z Krakowskiego Przedmie\u015bcia 7 przenosi si\u0119 do w\u0142asnego budynku przy ul. Obro\u0144c\u00f3w 25 na Saskiej K\u0119pie w Warszawie.<\/p>\n<\/div><\/div>\n<\/div><\/div>\n\n\n\n<div style=\"height:20px\" aria-hidden=\"true\" class=\"wp-block-spacer\"><\/div>\n\n\n\n<div class=\"wp-block-group\"><div class=\"wp-block-group__inner-container is-layout-flow wp-block-group-is-layout-flow\">\n<div class=\"wp-block-group\"><div class=\"wp-block-group__inner-container is-layout-flow wp-block-group-is-layout-flow\">\n<h2 class=\"has-medium-font-size wp-block-heading\"><strong>Kalendarium dyrektor\u00f3w i prezes\u00f3w ARS POLONY<\/strong><\/h2>\n\n\n\n<hr class=\"wp-block-separator has-text-color has-background is-style-wide\" style=\"background-color:#006633;color:#006633\"\/>\n\n\n\n<p><br><strong>1953 \u2013 1956<br>Zygmunt Jankiewicz<\/strong><br>Dyrektor Centrali Handlu Zagranicznego Prasa i Ksi\u0105\u017cka<br><br><strong>1956 \u2013 1958<\/strong><br><strong>S\u0142awomir Schoenborn<br><\/strong>Dyrektor CHZ Prasa i Ksi\u0105\u017cka<br>Dyrektor CHZ Ars Polona<br><br><strong>1961 \u2013 1965<br>Zygmunt Schellenberg<br><\/strong>Dyrektor Naczelny CHZ Ars Polona<br><br><strong>1959 \u2013 1961<\/strong><br><strong>Boles\u0142aw Trombala<\/strong><br>Dyrektor Naczelny CHZ Ars Polona<br><br><strong>1966 \u2013 1971<\/strong><br><strong>Ziemowit Jasi\u0144ski<br><\/strong>Dyrektor Naczelny CHZ Ars Polona<br><br><strong>1971 \u2013 1978<br>Wac\u0142aw Cebula<br><\/strong>Dyrektor Naczelny CHZ Ars Polona<br><br><strong>1978 \u2013 1990<br>Janusz Palacz<\/strong><br>Dyrektor Naczelny CHZ Ars Polona<br><br><strong>1990 \u2013 2001<br>Monika Bia\u0142ecka<br><\/strong>Od grudnia 1990 roku \u2013 Pe\u0142nomocnik Komisji ds. Likwidacji RSW Prasa-Ksi\u0105\u017cka-Ruch w CHZ Ars Polona oraz I Zast\u0119pca Dyrektora Naczelnego CHZ Ars Polona<br>Od wrze\u015bnia 1991 roku \u2013 Tymczasowy Kierownik PP CHZ Ars Polona<br>Od maja 1992 roku \u2013 Dyrektor Naczelny PP CHZ Ars Polona<br>Od stycznia 2000 roku \u2013 Dyrektor Naczelny CHZ Ars Polona S.A. oraz Prezes Zarz\u0105du<br><br><strong>2002 \u2013 2003<br>Janusz Fogler<br><\/strong>Prezes Zarz\u0105du CHZ Ars Polona S.A.<br><br><strong>2003 \u2013 2005<br>Magdalena \u015alusarska<br><\/strong>Dyrektor Naczelny i Prezes Zarz\u0105du CHZ Ars Polona S.A.<br><br><strong>2005<\/strong><br><strong>Grzegorz Guzowski<br>Od grudnia 2005 roku \u2013 Dyrektor Naczelny i Prezes Zarz\u0105du CHZ Ars Polona S.A.<\/strong><br><strong>Wcze\u015bniej:<br><\/strong>Od pa\u017adziernika 1994 roku \u2013 Dyrektor Ekonomiczno-Finansowy PP CHZ Ars Polona<br>Od stycznia 2000 do sierpnia 2002 roku \u2013 Dyrektor Ekonomiczno-Finansowy CHZ Ars Polona S.A. i Wiceprezes Zarz\u0105du<br>Od listopada 2003 roku \u2013 Dyrektor Ekonomiczno-Finansowy CHZ Ars Polona S.A. i Wiceprezes Zarz\u0105du<\/p>\n\n\n\n<hr class=\"wp-block-separator is-style-default\"\/>\n\n\n\n<p><\/p>\n\n\n\n<p><strong>Logo Ars Polona<\/strong><\/p>\n\n\n\n<p><\/p>\n<\/div><\/div>\n<\/div><\/div>\n\n\n\n<div class=\"wp-block-file\"><a id=\"wp-block-file--media-59231e20-9607-437b-8031-439dc89143fb\" href=\"http:\/\/nowa.arspolona.com.pl\/wp-content\/uploads\/2022\/04\/logo_arspolona_transparent-2.png\">logo_arspolona_transparent-2<\/a><a href=\"http:\/\/nowa.arspolona.com.pl\/wp-content\/uploads\/2022\/04\/logo_arspolona_transparent-2.png\" class=\"wp-block-file__button\" download aria-describedby=\"wp-block-file--media-59231e20-9607-437b-8031-439dc89143fb\">Pobierz<\/a><\/div>\n\n\n\n<p><\/p>\n","protected":false},"excerpt":{"rendered":"<p>Zakres dzia\u0142alno\u015bci ARS POLONA zajmuje si\u0119 eksportem i importem ksi\u0105\u017cek oraz czasopism Eksport polskich czasopism popularnych i naukowych. Eksport polskich ksi\u0105\u017cek i wydawnictw seryjnych. Import czasopism naukowych. Import \u015bwiatowych wydawnictw ksi\u0105\u017ckowych z r\u00f3\u017cnych dziedzin nauki i \u017cycia. ARS POLONA jest r\u00f3wnie\u017c organizatorem stoisk na mi\u0119dzynarodowych targach ksi\u0105\u017cki. Historia Ars Polona S.A. &#8211; Ponad 60 lat w Polsce i na rynkach mi\u0119dzynarodowych 19531 stycznia \u2013 utworzenie Centrali Handlu Zagranicznego Prasa i Ksi\u0105\u017cka (Zarz\u0105dzenie nr 137 Min. Handlu Zagranicznego z 12 grudnia 1952 roku) \u2013 z pierwsz\u0105 siedzib\u0105 w Warszawie przy ul. Koszykowej 31. Nadz\u00f3r zwierzchni sprawuje Minister Handlu Zagranicznego. 1956CHZ Prasa i Ksi\u0105\u017cka (z siedzib\u0105 przy ul. Foksal 18) organizuje 1. Mi\u0119dzynarodowe Targi Ksi\u0119garskie w ramach XXV Mi\u0119dzynarodowych Targ\u00f3w w Poznaniu (17. 06 &#8211; 1. 07. 1956 roku).1 sierpnia \u2013 zmiana nazwy na CHZ Ars Polona. 1957CHZ Ars Polona organizuje 2. Mi\u0119dzynarodowe Targi Ksi\u0105\u017cki w ramach XXVI Mi\u0119dzynarodowych Targ\u00f3w w Poznaniu (9. 06 &#8211; 23. 06. 1957 roku).Przeniesienie siedziby na Krakowskie Przedmie\u015bcie 7. 1958Przeniesienie Mi\u0119dzynarodowych Targ\u00f3w Ksi\u0105\u017cki z Poznania do Warszawy \u2013 Ars Polona organizuje w dniach 1. 06 \u2013 8. 06. 1958 roku, w Pa\u0142acu Kultury i Nauki, samodzieln\u0105 imprez\u0119 targow\u0105 \u2013 3. Mi\u0119dzynarodowe Targi Ksi\u0105\u017cki (MTK), pierwsze MTK w Warszawie. 1962Ars Polona przyst\u0119puje do UFI (Union des Foires Internationales \u2013 Zwi\u0105zku Targ\u00f3w Mi\u0119dzynarodowych). 1966Zarz\u0105dzenie nr 171 Ministra Kultury i Sztuki z 23 grudnia 1966 roku, wydane w porozumieniu z Ministrem Handlu Zagranicznego \u2013 okre\u015bla cele MTK, powo\u0142uje Komitet Organizacyjny i Sekretariat Targ\u00f3w, zatwierdza regulamin ich pracy oraz ustala zasady finansowania imprezy. Nadz\u00f3r zwierzchni nad Ars Polon\u0105 przejmuje Minister Kultury i Sztuki. 1970Nadz\u00f3r zwierzchni nad Ars Polon\u0105 przejmuje Minister \u0141\u0105czno\u015bci. 1971W\u0142\u0105czenie Ars Polony do PPUPiK \u201eRuch\u201d (Pa\u0144stwowego Przedsi\u0119biorstwa Upowszechniania Prasy i Ksi\u0105\u017cki \u201eRuch\u201d) \u2013 zmiana nazwy na CHZ Ars Polona-Ruch \u2013 rozszerzenie zakresu dzia\u0142ania o import i eksport czasopism po fuzji z Przedsi\u0119biorstwem Importu i Eksportu (PEI) \u201eRuch\u201d. 1973Utworzenie Robotniczej Sp\u00f3\u0142dzielni Wydawniczej \u201ePrasa-Ksi\u0105\u017cka-Ruch\u201d (RSW) \u2013 CHZ Ars Polona-Ruch zostaje w\u0142\u0105czona w struktury RSW, od 1 stycznia nadz\u00f3r zwierzchni sprawuje Zarz\u0105d G\u0142\u00f3wny RSW; nast\u0119puje znaczne ograniczenie autonomii dzia\u0142ania Ars Polona (pozbawienie osobowo\u015bci prawnej), Centrala nie rozlicza si\u0119 z bud\u017cetem pa\u0144stwa lecz z RSW. 1975Powr\u00f3t do nazwy CHZ Ars Polona, z dodatkiem RSW \u201ePrasa-Ksi\u0105\u017cka-Ruch\u201d. 1979\/80Dalsze rozszerzenie asortymentu o instrumenty muzyczne, wsp\u00f3\u0142czesne dzie\u0142a sztuki i rzemios\u0142a artystycznego (w\u0142\u0105czenie BHZ \u201eDESA\u201d do Ars Polona). 1990Na mocy ustawy z 22 grudnia powstaje Komisja Likwidacyjna RSW \u2013 nast\u0119puje prywatyzacja czasopism oraz przekszta\u0142cenie jednostek RSW w samodzielne przedsi\u0119biorstwa pa\u0144stwowe. 199117 grudnia utworzono Przedsi\u0119biorstwo Pa\u0144stwowe CHZ Ars Polona (podporz\u0105dkowane Ministrowi Kultury i Sztuki), na kt\u00f3rego asortyment sk\u0142ada\u0142y si\u0119 w\u00f3wczas g\u0142\u00f3wnie ksi\u0105\u017cki, prasa oraz us\u0142ugi poligraficzne oraz instrumenty, wydawnictwa i nagrania muzyczne, filatelistyka i numizmatyka, wsp\u00f3\u0142czesne dzie\u0142a sztuki i rzemios\u0142a artystycznego (m.in. srebrna bi\u017cuteria), plakaty oraz (w mniejszym zakresie) artyku\u0142y pi\u015bmienne i biurowe itp. 1992W grudniu nast\u0119puje przekazanie Ars Polonie maj\u0105tku formalnie nale\u017c\u0105cego do RSW, od likwidacji pozycji pa\u0144stwowego monopolisty w imporcie i eksporcie publikacji (1990 roku) o ponad po\u0142ow\u0119 zmala\u0142y obroty Ars Polona (w tym ok. 50% stanowi\u0105 czasopisma, nast\u0119pnie us\u0142ugi poligraficzne, a na trzecim miejscu ksi\u0105\u017cki). 1994Pocz\u0105tek procesu prywatyzacji przedsi\u0119biorstwa. 1996Nadz\u00f3r zwierzchni nad Ars Polon\u0105 przejmuje Minister Skarbu Pa\u0144stwa. 1997Ars Polona wyst\u0119puje z UFI. 2000Zako\u0144czenie procesu prywatyzacji, 1 stycznia powstaje sp\u00f3\u0142ka akcyjna CHZ Ars Polona S.A. 2002CHZ Ars Polona S.A. uzyskuje certyfikat jako\u015bci zgodny z norm\u0105 ISO 9001:2000 2004W pa\u017adzierniku Ars Polona zmienia siedzib\u0119 \u2013 z Krakowskiego Przedmie\u015bcia 7 przenosi si\u0119 do w\u0142asnego budynku przy ul. Obro\u0144c\u00f3w 25 na Saskiej K\u0119pie w Warszawie. Kalendarium dyrektor\u00f3w i prezes\u00f3w ARS POLONY 1953 \u2013 1956Zygmunt JankiewiczDyrektor Centrali Handlu Zagranicznego Prasa i Ksi\u0105\u017cka 1956 \u2013 1958S\u0142awomir SchoenbornDyrektor CHZ Prasa i Ksi\u0105\u017ckaDyrektor CHZ Ars Polona 1961 \u2013 1965Zygmunt SchellenbergDyrektor Naczelny CHZ Ars Polona 1959 \u2013 1961Boles\u0142aw TrombalaDyrektor Naczelny CHZ Ars Polona 1966 \u2013 1971Ziemowit Jasi\u0144skiDyrektor Naczelny CHZ Ars Polona 1971 \u2013 1978Wac\u0142aw CebulaDyrektor Naczelny CHZ Ars Polona 1978 \u2013 1990Janusz PalaczDyrektor Naczelny CHZ Ars Polona 1990 \u2013 2001Monika Bia\u0142eckaOd grudnia 1990 roku \u2013 Pe\u0142nomocnik Komisji ds. Likwidacji RSW Prasa-Ksi\u0105\u017cka-Ruch w CHZ Ars Polona oraz I Zast\u0119pca Dyrektora Naczelnego CHZ Ars PolonaOd wrze\u015bnia 1991 roku \u2013 Tymczasowy Kierownik PP CHZ Ars PolonaOd maja 1992 roku \u2013 Dyrektor Naczelny PP CHZ Ars PolonaOd stycznia 2000 roku \u2013 Dyrektor Naczelny CHZ Ars Polona S.A. oraz Prezes Zarz\u0105du 2002 \u2013 2003Janusz FoglerPrezes Zarz\u0105du CHZ Ars Polona S.A. 2003 \u2013 2005Magdalena \u015alusarskaDyrektor Naczelny i Prezes Zarz\u0105du CHZ Ars Polona S.A. 2005Grzegorz GuzowskiOd grudnia 2005 roku \u2013 Dyrektor Naczelny i Prezes Zarz\u0105du CHZ Ars Polona S.A.Wcze\u015bniej:Od pa\u017adziernika 1994 roku \u2013 Dyrektor Ekonomiczno-Finansowy PP CHZ Ars PolonaOd stycznia 2000 do sierpnia 2002 roku \u2013 Dyrektor Ekonomiczno-Finansowy CHZ Ars Polona S.A. i Wiceprezes Zarz\u0105duOd listopada 2003 roku \u2013 Dyrektor Ekonomiczno-Finansowy CHZ Ars Polona S.A. i Wiceprezes Zarz\u0105du Logo Ars Polona<\/p>\n","protected":false},"author":1,"featured_media":0,"parent":0,"menu_order":0,"comment_status":"closed","ping_status":"closed","template":"","meta":{"footnotes":""},"class_list":["post-22","page","type-page","status-publish","hentry"],"_links":{"self":[{"href":"https:\/\/arspolona.com.pl\/index.php?rest_route=\/wp\/v2\/pages\/22","targetHints":{"allow":["GET"]}}],"collection":[{"href":"https:\/\/arspolona.com.pl\/index.php?rest_route=\/wp\/v2\/pages"}],"about":[{"href":"https:\/\/arspolona.com.pl\/index.php?rest_route=\/wp\/v2\/types\/page"}],"author":[{"embeddable":true,"href":"https:\/\/arspolona.com.pl\/index.php?rest_route=\/wp\/v2\/users\/1"}],"replies":[{"embeddable":true,"href":"https:\/\/arspolona.com.pl\/index.php?rest_route=%2Fwp%2Fv2%2Fcomments&post=22"}],"version-history":[{"count":32,"href":"https:\/\/arspolona.com.pl\/index.php?rest_route=\/wp\/v2\/pages\/22\/revisions"}],"predecessor-version":[{"id":837,"href":"https:\/\/arspolona.com.pl\/index.php?rest_route=\/wp\/v2\/pages\/22\/revisions\/837"}],"wp:attachment":[{"href":"https:\/\/arspolona.com.pl\/index.php?rest_route=%2Fwp%2Fv2%2Fmedia&parent=22"}],"curies":[{"name":"wp","href":"https:\/\/api.w.org\/{rel}","templated":true}]}}